100 - 98. Suppose -3*j - 10 = f - l, 4*f = -4*j. Suppose -f*t + 28 = 12. What is the highest common factor of t and 8?
4
Let t be 15/(75/(-620)) + -7. Let v = t - -182. Calculate the highest common factor of 272 and v.
17
Let c be (-22029)/(-39) - -2 - (-1758)/11427. Let o = 38 - -25. What is the greatest common divisor of c and o?
63
Suppose -28 = -5*t - 108. Let s(c) = 2*c**2 + 34*c + 18. Let n be s(t). Let d be n/((1/(-28))/(18/24)). Calculate the greatest common divisor of 42 and d.
42
Let b = 82 - 56. Let n = 53 - b. Let x = -19 + n. What is the greatest common factor of 24 and x?
8
Let c be (-825 - 550)*(-11*1)/(2 + -1). What is the highest common divisor of c and 242?
121
Suppose 0 = -5*y - 2*r - 1090, 4*y - r + 1189 - 330 = 0. Let a = -134 - y. Calculate the highest common divisor of a and 82.
82
Suppose -2*q + 2*z + 8 = 0, 5*z + 13 = q - 3. Suppose -20 - q = -j. Let c = -9 + j. Calculate the greatest common divisor of 96 and c.
12
Let g = 36528 - 36278. Suppose -5*f = -21 - 29. Calculate the greatest common factor of g and f.
10
Suppose 6*a - 215 = -5*j + a, -5*j = -a - 227. Let v be (-62)/(-8) - 10/(-40). Let y be 1 - 8*(-4)/v. Calculate the greatest common divisor of j and y.
5
Suppose -11 = -6*r - 65. Let p(n) = 2*n**2 + 4*n - 6. Let f be p(r). Let s(v) = 8*v**2 + v. Let z be s(-2). What is the highest common divisor of z and f?
30
Suppose -91*p = -81*p - 19140. What is the greatest common factor of 66 and p?
66
Let c = 318 - 390. Let p = -40 - c. What is the highest common divisor of 208 and p?
16
Let x = 389 + 79. Suppose -x = 27*m - 36*m. What is the greatest common factor of m and 416?
52
Let n(x) = -80*x - 5428. Let f be n(-68). Suppose y - 2*l = 209, -5*y = 2*l - 1442 + 409. Let r = -99 + y. Calculate the highest common divisor of r and f.
12
Suppose 0*y + 5*w + 275 = 4*y, 4*w + 206 = 3*y. Suppose m - 2*h = 2, -5*m - 11*h + 13*h = -42. What is the highest common divisor of y and m?
10
Let o be 5/1 + -2 + (137 - 37). Let q = o + 97. Calculate the greatest common factor of 40 and q.
40
Let m be 2/(3/3) + 52 + -1. Let v = m + -49. Suppose -3*n - 3*k - 16 = -v*n, -4*n - 3*k + 4 = 0. What is the greatest common divisor of n and 52?
4
Let f be 2/(-2*(-14)/(-112)*-4). Let h(n) = 2*n**3 - 8*n**2 + 4*n - 6. Let t be h(5). What is the greatest common divisor of t and f?
2
Let b(f) = -415*f - 827. Let c be b(-2). What is the greatest common divisor of 3723 and c?
3
Let u be (-1)/3 - (-1)/6*-112. Suppose 0 = 16*m - 11*m - 305. Let z = m + u. Calculate the greatest common divisor of z and 105.
21
Let y be (-2)/(-1) + (-7)/(-7). Let r = -87 + 107. Suppose -4*v + r = -4*g, -17 = -3*v + 4*g + 1. What is the highest common factor of y and v?
1
Let a(q) = 19*q**2 + 8*q + 7. Let k be a(-1). Suppose -55 = -n + k. What is the highest common divisor of n and 803?
73
Suppose -y = -3*u - 198, -4*y - 146 = 2*u - 0*u. Let i be (-4)/(-6)*(-13 - u) + -1. Calculate the greatest common factor of i and 5.
5
Let s = -9407 + 10733. Calculate the highest common divisor of s and 936.
78
Suppose -47*f - 40*f + 822 = 50*f. What is the highest common factor of 178 and f?
2
Let o = -4693 + 4703. Suppose 3*g + 870 = 6*g. Calculate the highest common factor of o and g.
10
Let j be ((-5)/(-3))/((-7)/(-1869)). Let l = 549 + -49. Suppose -l = -7*o + j. Calculate the highest common factor of o and 54.
27
Let c = 328 - 326. Suppose c*k + 1090 = 5*a, -442 = -2*a - 4*k + 6*k. Calculate the highest common divisor of 8 and a.
8
Let i(v) be the first derivative of 6*v**2 - 145*v + 15. Let p be i(16). What is the highest common divisor of 423 and p?
47
Let h be -9 - (-5 + 1) - -8. Suppose 3*g + 117 = -h*n, n - 51 = g - 6. Let j = 0 - g. Calculate the highest common divisor of 28 and j.
14
Let z(a) = a**3 - 5*a**2 - 3*a - 1. Let m be z(7). Suppose 0 = -i + 5*i + m. Let g = i - -29. Calculate the highest common divisor of g and 5.
5
Let l be 7 + 4/(((-36)/6)/3). Suppose 4*b + 10*c - 20 = l*c, -3*c + 8 = 2*b. Let t be (-2)/(1/((-1)/1)). Calculate the greatest common factor of b and t.
2
Suppose -28*g + 993 = -2255. Suppose 10*m - 2356 = -g. What is the greatest common factor of m and 14?
14
Let w = 24 - 21. Suppose -w = h - 3*i + 2, h - i = -5. Let g(t) = t**3 + 8*t**2 + 9*t + 6. Let b be g(h). Calculate the highest common factor of b and 36.
36
Suppose -30 - 105 = -5*x. Suppose -322*r + 705*r - 1134 = 341*r. Calculate the highest common factor of x and r.
27
Let c(z) = 42*z**2 + 4 - 20*z**2 + 14*z**2 + 26*z**2. Let x be c(-2). Suppose -x = -4*n - 2*n. Calculate the highest common divisor of 12 and n.
6
Let n(q) = 4*q**2 - q + 5. Let k(w) = -w**3 - 30*w**2 - 31*w - 61. Let t be k(-29). Let z be n(t). What is the greatest common divisor of 55 and z?
11
Let m = -75 - -180. Suppose -2*u = -4*c + c + m, c = -4*u + 21. Calculate the highest common factor of 528 and c.
33
Suppose -32*x - 10*x + 876 = 31*x. Let z = -16 + 32. Calculate the greatest common factor of z and x.
4
Let r = -22888 + 23294. What is the greatest common divisor of 638 and r?
58
Let k = -1488 + 1528. What is the greatest common factor of 436 and k?
4
Let b(t) = 77*t + 64. Let s(f) = -540*f - 447. Let r(d) = 15*b(d) + 2*s(d). Let z be r(8). What is the greatest common factor of 37 and z?
37
Suppose 5*q = 10*q - 1698 - 882. What is the highest common factor of q and 3268?
172
Let g = 2180 - 2028. Calculate the greatest common factor of g and 57.
19
Let k = -2588 - -2602. Let m(s) = s**2 - 2*s - 1. Let f be m(3). Suppose -3*r + 3*t - 13 = -4*r, 0 = -t + f. Calculate the highest common divisor of k and r.
7
Suppose 11*k - 11*k = -4*k + 2356. Calculate the highest common divisor of k and 57.
19
Let h(k) = -162*k - 3. Let a be h(1). Let q = a - -211. Calculate the highest common divisor of q and 46.
46
Let q = 160 + 22. What is the greatest common factor of 832 and q?
26
Suppose -4*a - 44 = -2*s - 6*a, -s + 4*a = -2. Suppose -5*q - s*q = -368. Calculate the greatest common divisor of 2 and q.
2
Let m = 44 + 4043. What is the greatest common divisor of 67 and m?
67
Suppose j = 4*j, j = -2*v - 12. Let w be (-9)/v*266/(-21). Let z = -16 - w. What is the greatest common divisor of 12 and z?
3
Suppose 110*y - 10 + 450 = 0. Let u(c) = 12 + c**3 + 4*c - c + 8*c**2 + 9*c. Let t be u(y). Calculate the greatest common factor of t and 7.
7
Suppose -83 - 913 = -4*x. Suppose -x - 31 = -10*l. Calculate the greatest common divisor of l and 35.
7
Let x = 1221 - -1431. What is the greatest common factor of x and 18?
6
Let k = 70502 + -70472. Let n(b) = 3*b**2 - 2*b + 3. Let w be n(-5). Let r be (-4)/(-18) + w/9. What is the highest common divisor of k and r?
10
Let n be ((-4)/9)/((-52)/(-273)*77/(-1914)). Suppose -3*y + 254 = -7. Calculate the greatest common factor of n and y.
29
Let v = 1194 - 1179. Calculate the greatest common factor of v and 165.
15
Let y(q) be the first derivative of q**4/4 - 15*q**3 - 21*q**2 - 68*q + 226. Let r be y(46). Calculate the highest common factor of r and 4.
4
Suppose 0 = -3*p + p + 182. Suppose 2*h + 298 = -5*s, h - 4*s = -4*h - 679. Let r = 152 + h. What is the highest common factor of r and p?
13
Let z(g) = 19*g + 23. Let p be z(-1). Let n = -70 - -154. Calculate the highest common divisor of p and n.
4
Let o(a) = -a**3 + 5*a**2 + 13*a - 3. Let z be o(6). Let n = 316 - 4. Calculate the highest common factor of z and n.
39
Let f be (-284)/(-11) + ((-156)/715 - (-8)/20). What is the greatest common divisor of f and 1118?
26
Suppose 2*m - 938 = -3*k - 193, -1890 = -5*m - 2*k. What is the highest common factor of m and 20?
20
Let t be 1*4/(-8)*-14. Suppose 69*n = 100*n - 2170. What is the highest common factor of t and n?
7
Let y = -252 + 257. Suppose 12 = 2*f + 2*x, f + 7 = -3*x + y. What is the greatest common factor of 90 and f?
10
Let k be (-11136)/(-6) + (6 - -13). What is the greatest common factor of 10 and k?
5
Suppose 5*z - 16*z = -7*z. Let c be -8 + 9 - (-127 + z/(-1)). Calculate the greatest common divisor of 32 and c.
32
Suppose -10*u - 2*u = -300. Calculate the highest common factor of u and 1625.
25
Let x = -505 + 511. Let k be 0 + -2 + 0 - -1. Let a be -4 + x + k + 14 + -2. What is the greatest common divisor of 13 and a?
13
Let p(i) = 9*i**2 - 3*i + 12*i**2 - 18*i**2 - 2*i**2 + 85. L